 2*d(m) + 2*i(m). What is x(2)?
10
Let x(r) = -3*r + 32. Let v(w) = 6*w - 72. Let z(q) = -3*v(q) - 7*x(q). Suppose k - 4*b + 8 = 5*k, -5*b = -k + 26. What is z(k)?
10
Let s(a) = 22 - 34 + 2*a + 19. What is s(-3)?
1
Let b(a) = -8*a**2 + a. Suppose z + z = 8. Suppose d = -4*d - h + 13, -4*h = -12. Suppose 0*o = -z*k - 4*o - 4, 0 = 4*k + d*o + 4. Give b(k).
-9
Suppose 4*l - 33 = 5*k, -2*l = 3*k - 9 - 2. Let w(y) = l + y + 9 - 14 + 8. Determine w(-5).
5
Let s(k) = k - 4. Let g be s(6). Suppose -2*p - 12 = g*p. Let q(l) = 7*l + 2. Calculate q(p).
-19
Let v(z) = -2*z**2 + 4*z - 4. Let n(c) = 3*c**2 - 7*c + 7. Let g(j) = 3*n(j) + 5*v(j). Suppose 7*k = 5*k - 10. Let t = k + 5. What is g(t)?
1
Let y(x) = x**2 + 5*x + 1. Suppose 52 - 32 = 4*n. Suppose 3*r = -0*f - 3*f + 72, 4*r + 39 = f. Suppose -f = n*v + 3. Determine y(v).
7
Let f be (3 + -5)/(2/(-82)). Let o = -88 + f. Let k(y) = y**3 + 7*y**2 + 5*y - 7. Calculate k(o).
-1
Let x(i) be the first derivative of i**3/3 + 9*i**2/2 + 2*i + 6. Let d be x(-9). Let z(y) = 3*y**3 + 2*y - 1 + 0*y**3 + 6*y**2 + 0 - 7*y**d. What is z(1)?
3
Let v(t) be the second derivative of 5/6*t**3 + 0 + 1/2*t**4 + 2*t + 3/2*t**2 + 1/20*t**5. Suppose 0 = -5*o - 19 - 6. Give v(o).
3
Suppose -3*x + 28 = -5*m, 3*m - 3*x + 20 = 2*x. Let i(y) be the first derivative of 1/3*y**3 - 3*y + 31 + 5/2*y**2. Determine i(m).
-3
Let o(i) = 7*i + 4. Let j(q) = 9*q + 4. Let u(w) = -5*j(w) + 6*o(w). Calculate u(3).
-5
Suppose 0 = 3*h - 9 + 3. Let w(b) = 0*b + 2*b - 5*b + 4 + h*b. What is w(0)?
4
Let p(d) = -14*d**2 - 2*d - 1. Let a(o) = -o**2 - 6*o - 3. Let g be a(-5). Let q be (1/2)/1*g. Suppose 0*n - n = q. Give p(n).
-13
Let y = -6 - -10. Let m(d) = -34 - 26 - 27 - d - 37 + 122. What is m(y)?
-6
Let m(t) = 2*t - 10. Let v be (((-7)/(-3))/7)/((-1)/(-54)). Suppose 19*a - 17*a - v = 0. What is m(a)?
8
Let w(y) be the third derivative of -y**5/120 + y**4/24 - 7*y**3/3 - 10*y**2. Let h(l) be the first derivative of w(l). Calculate h(2).
-1
Suppose 0 = 7*z - 8*z - 8. Let p(b) = 8*b**2 + b**3 - 8 + 2 + 0 + 0. What is p(z)?
-6
Let t(x) = 315*x**2 - 317*x**2 - 4*x + 5 + 8*x. Let p be (-6)/(-9) + (-10)/(-3). Calculate t(p).
-11
Let z(r) = -r**3 + 3*r**2 + 2*r + 4. Let s = -45 + 56. Suppose -7*q = -s*q + 12. Give z(q).
10
Let r = -172 + 175. Let k be 10 + 1*(-3 + 0). Let g(v) = k - 4*v + 2*v + v. Calculate g(r).
4
Let z = 26 + -37. Let f(x) = -7*x - 3. Let g(q) = 13*q + 5. Let t(b) = z*f(b) - 6*g(b). Let m be 3 + (-3)/6*2. Calculate t(m).
1
Let a(h) = h - 5. Suppose -18 = -8*z + 11*z. Determine a(z).
-11
Let a(m) be the third derivative of -1/10*m**5 + 0 + 0*m - 1/2*m**3 - 5*m**2 + 7/24*m**4 + 1/120*m**6. Calculate a(5).
7
Suppose -3*j = t - 49, -2*j - j - 2*t = -53. Let b be ((-2)/(-6)*-2)/(j/(-180)). Let h(c) = c**3 - 9*c**2 + 8*c + 5. What is h(b)?
5
Let k(c) = -11 + 2925*c - 5853*c + 2924*c. Give k(-10).
29
Let m(s) be the first derivative of -s**6/360 - s**5/30 - 5*s**4/24 + 17*s**3/3 + 15. Let x(q) be the third derivative of m(q). Calculate x(-5).
-10
Let r(z) = -5 + 471*z**2 - 477*z**2 + z**3 - 2*z**3 + 2*z. Calculate r(-4).
-45
Suppose -22*n = -18*n. Let p(z) be the third derivative of n + 7*z**2 + 1/24*z**4 + 2/3*z**3 + 1/60*z**5 + 0*z. Give p(-3).
10
Suppose 267*o = 282*o + 225. Let z(d) = d + 20. Give z(o).
5
Let t(u) = u + 1. Let a(s) be the second derivative of -s**3/3 - 3*s**2/2 + 3*s. Let d be (-2)/(0 + -1 - -2). Let j(n) = d*a(n) - 2*t(n). Give j(-6).
-8
Let f(i) = 0*i**2 + i**2 - 7 + i**3 + 0 + i. Let a(x) = x**2 - 4*x + 4. Let h be a(2). Let u be f(h). Let q(g) = -2*g - 9. Calculate q(u).
5
Let b(f) be the first derivative of 5*f**4/4 - 2*f**3/3 + f + 121. Let s(h) = h + 3. Let r be s(-2). Give b(r).
4
Let w = 47 - 38. Suppose 2*z = -5*t - 14, -8*z - 2*t + 7 = -w*z. Let x(r) = r - 1. Give x(z).
-8
Suppose -q = -8 + 2. Suppose -48 = 6*j - q. Let d(h) be the second derivative of -h**3/6 - 6*h**2 - h. Calculate d(j).
-5
Let g(w) = w**2 + 5*w + 2. Let j be ((-15)/(-3) - 1)/1. Let f(l) = -l**2 - 6*l - 2. Let c(o) = j*g(o) + 3*f(o). Calculate c(-3).
5
Let r(c) = -7*c**2 - 159*c + 51. Let x be r(-23). Let f(z) = -z**3 + 7*z**2 - z - 1. What is f(x)?
44
Let n(b) = b**2 + 7*b + 12. Let y be n(-5). Suppose -y*m + m = -3. Let s(c) = -797 + 798 - 10*c**3 - 2*c**m + 0*c**3. Determine s(-1).
13
Let g = 1 + -2. Let k = g + 1. Let r(t) = -5*t - 7. Let p(x) = -6*x - 7. Let h(j) = 6*p(j) - 7*r(j). Give h(k).
7
Let k(a) be the third derivative of 6*a**2 + 0*a + 0 + 1/6*a**3 + 1/24*a**4. Calculate k(-5).
-4
Let m(a) = a**2 - 12*a - 13. Let o be m(14). Suppose -o*k = -18*k. Suppose -d + k*r - r = -1, 3*d = -r + 7. Let v(z) = -2*z + 3. Give v(d).
-3
Let g(y) = y**2 - 6*y - 1. Let w(x) = -x**2 - 14*x - 6. Let h be w(-12). Let b = h - 18. Let d = b - -6. What is g(d)?
-1
Let u(y) = y**3 - 3*y**2 - 2*y + 2. Let j be u(3). Let q(o) = -o**2 - 4*o + 4. Let s be q(j). Let a(n) = -n - 5 - 4 + s. Determine a(4).
-9
Let f(i) = -i**2 + 3*i + 3. Let q = 25 + -13. Let p be ((-32)/q)/((-5)/((-30)/(-4))). Determine f(p).
-1
Let c = -542 - -530. Let y(o) = -o**3 - 11*o**2 + 12*o + 15. Determine y(c).
15
Suppose -41*k - 64 = -27*k + 20. Let z(i) be the third derivative of -i**4/8 - 7*i**3/6 - i**2. Calculate z(k).
11
Let r(s) = s**2 + 25*s - 11. Let f be r(0). Let i(q) = -q**3 - 12*q**2 - 10*q + 5. Give i(f).
-6
Suppose 9*x = 2*x + 126. Let q be 1/((-6)/x) + 7. Let y(r) = r**3 - 5*r**2 + 2*r - 3. Give y(q).
-11
Let f(v) = 5*v**2 - 6*v + 2*v**2 - 8*v**2 - 15 + 21. Calculate f(-5).
11
Let k(y) = -y**3 - 7*y**2 - 8*y - 9. Let a(l) = -l**2 + 7*l - 6. Let z be a(5). Suppose -5*d - 4*q = -2*q + 20, d - 14 = -z*q. Calculate k(d).
3
Suppose 0 = -5*z + 2*z - 6. Let t(r) = 4*r + 2*r + 983 - 982. Give t(z).
-11
Let c(g) = -g**2 + 4. Let q(w) = -11*w + 53. Let f be q(5). Determine c(f).
0
Suppose 3*b = 7 - 1. Suppose -b*g + v - 31 = 4*v, -5*v + 15 = -5*g. Let a(m) = -7*m - 6. Let i(w) = 15*w + 11. Let t(o) = 13*a(o) + 6*i(o). Give t(g).
-4
Let p(k) be the first derivative of -k**7/280 + k**6/180 - k**5/60 + k**4/24 - 2*k**3/3 + 4. Let o(z) be the third derivative of p(z). What is o(1)?
-2
Let x(q) = -9*q**2 + 118*q - 4. Let y be x(13). Let j(m) = 2*m**2 - 1 - 10*m + 2 - m**2. Calculate j(y).
-8
Let m(o) = 2*o**2 - 4*o**2 + 5*o - o - 7994 + 7992. Calculate m(5).
-32
Let c(h) be the second derivative of -1/20*h**5 + 32*h - 1/3*h**4 + 3*h**2 + 7/6*h**3 + 0. What is c(-5)?
-4
Let a(z) = -2*z. Let o = -68 + 38. Let r be ((-36)/(-10) + o/50)*-1. Determine a(r).
6
Let q(y) = -4*y**2 + 1. Let w(d) = 2 - 2 + 1 - 5*d**2. Let x(p) = 6*q(p) - 5*w(p). Let t(g) = -2*g**2 - 1. Let a be t(-1). What is x(a)?
10
Let i = 86 + -85. Let p be (0/i)/(-7 + 5). Let c(g) = g - 12. Determine c(p).
-12
Let d(i) = -6*i - 16. Let t(u) = -u - 1. Let x(f) = -d(f) + 5*t(f). Let w be (-1536)/304 - 5/(-95). Give x(w).
6
Let v = -145 + 140. Let c(r) = 3*r - 6. Determine c(v).
-21
Let o(j) = -2*j**2 + j + 19 + 5*j**2 - 18. Let u(a) = -2*a**2 - 2*a - 1. Let r(d) = -3*o(d) - 4*u(d). Determine r(3).
7
Let k = 3 + -3. Let i(o) be the second derivative of -1/20*o**5 + 0 + 0*o**4 - o + 1/6*o**3 - 2*o**2. Determine i(k).
-4
Let p(x) = -x + 1. Let o(k) = 4*k - 11. Let c(f) = o(f) + 5*p(f). Let y = -3910 - -3904. Give c(y).
0
Suppose 14 = -13*s + 6*s. Let k(b) = -b - 9. Give k(s).
-7
Let m(t) be the third derivative of -t**6/180 + t**5/120 - 2*t**4/3 - 16*t**2. Let i(h) be the second derivative of m(h). Calculate i(-1).
5
Let n = 36 - 56. Let m = -14 - n. Suppose -r + m*p - 3*p = 17, 2*r = -5*p + 21. Let g(q) = q + 2. Calculate g(r).
0
Suppose -1 = -3*q + v, 3*q - 2*v - 26 = -6*v. Let m(f) = -q*f + 15 - 7 - 1. Suppose 5*z - 18 = 2*z. Calculate m(z).
-5
Suppose 1 = 11*w - 10. Let u(k) = -10*k**2 + 5*k + 1. Let p(n) = -19*n**2 + 9*n + 2. Let q(y) = -6*p(y) + 11*u(y). Give q(w).
4
Let o(l) = 3*l**3 - 10*l**2 + 11*l - 12. Let b(q) = -2*q**3 + 10*q**2 - 8*q + 11. Let h(n) = -4*b(n) - 3*o(n). What is h(-10)?
2
Let k be (-1 - -2 - 5) + 18. Suppose -6*d + k = -10. Let q(l) be the third derivative of l**6/120 - l**5/20 - 5*l**4/24 - l**3/2 - l**2. Determine q(d).
-7
Let u(r) be the second derivative of r**3/6 - 49*r**2/2 + 2*r - 38. Determine u(0).
-49
Suppose -1 = -r + 1. Let m(a) = 5*a + 4*a**r - 2 + 0*a - 3*a + a**3. Let n be (-9 